{"id":381,"date":"2024-10-04T22:33:50","date_gmt":"2024-10-04T20:33:50","guid":{"rendered":"https:\/\/cagnesvolley.com\/?page_id=381"},"modified":"2024-10-04T22:54:55","modified_gmt":"2024-10-04T20:54:55","slug":"actualites","status":"publish","type":"page","link":"https:\/\/cagnesvolley.com\/index.php\/actualites\/","title":{"rendered":"ACTUALITES"},"content":{"rendered":"\n<div class=\"wp-block-query is-layout-flow wp-block-query-is-layout-flow\"><ul class=\"wp-block-post-template is-layout-flow wp-block-post-template-is-layout-flow\"><li class=\"wp-block-post post-736 post type-post status-publish format-image hentry category-non-classe post_format-post-format-image\">\n<h2 class=\"wp-block-post-title\"><a href=\"https:\/\/cagnesvolley.com\/index.php\/2025\/12\/08\/tournoi-des-rois-4-janvier-2026\/\" target=\"_self\" >Tournoi des rois \u2013 4 janvier 2026<\/a><\/h2>\n\n\n\n<div class=\"wp-block-post-excerpt\"><p class=\"wp-block-post-excerpt__excerpt\">Venez participer \u00e0 la 4\u00e8me \u00e9dition du tournoi des rois le dimanche 4 janvier 2026 <\/p><\/div>\n\n\n<hr class=\"wp-block-separator has-css-opacity\"\/>\n\n\n<div class=\"wp-block-post-date\"><time datetime=\"2025-12-08T13:39:30+01:00\">8 d\u00e9cembre 2025<\/time><\/div>\n<\/li><li class=\"wp-block-post post-474 post type-post status-publish format-image hentry category-non-classe post_format-post-format-image\">\n<h2 class=\"wp-block-post-title\"><a href=\"https:\/\/cagnesvolley.com\/index.php\/2025\/08\/10\/inscriptions-2025-2026\/\" target=\"_self\" >Inscriptions 2025 &#8211; 2026<\/a><\/h2>\n\n\n\n<div class=\"wp-block-post-excerpt\"><p class=\"wp-block-post-excerpt__excerpt\">Tous les documents d&rsquo;inscriptions se trouvent dans l&rsquo;onglet \u00ab\u00a0LE CLUB\u00a0\u00bb, \u00ab\u00a0documents d&rsquo;inscription\u00a0\u00bb. Pour les licenci\u00e9s(es) du club lors de la saison 2024\/2025, votre inscription est prioritaire&#8230; mais faites vite! Pour les nouveaux arrivant, vous pouvez monter votre dossier d&rsquo;inscription et le transmettre si l&rsquo;enfant appartient aux cat\u00e9gories Baby-volley, moins de 11 ans \u00ab\u00a0M11\u00a0\u00bb et moins\u2026 <\/p><\/div>\n\n\n<hr class=\"wp-block-separator has-css-opacity\"\/>\n\n\n<div class=\"wp-block-post-date\"><time datetime=\"2025-08-10T16:32:31+02:00\">10 ao\u00fbt 2025<\/time><\/div>\n<\/li><li class=\"wp-block-post post-439 post type-post status-publish format-image hentry category-non-classe post_format-post-format-image\">\n<h2 class=\"wp-block-post-title\"><a href=\"https:\/\/cagnesvolley.com\/index.php\/2024\/11\/19\/week-end-du-23-24-novembre-2024\/\" target=\"_self\" >Week-end du 23\/24 novembre 2024<\/a><\/h2>\n\n\n\n<div class=\"wp-block-post-excerpt\"><p class=\"wp-block-post-excerpt__excerpt\">Venez encourager notre \u00e9quipe N2 ce week-end ! <\/p><\/div>\n\n\n<hr class=\"wp-block-separator has-css-opacity\"\/>\n\n\n<div class=\"wp-block-post-date\"><time datetime=\"2024-11-19T21:24:59+01:00\">19 novembre 2024<\/time><\/div>\n<\/li><\/ul><\/div>\n","protected":false},"excerpt":{"rendered":"","protected":false},"author":1,"featured_media":0,"parent":0,"menu_order":0,"comment_status":"closed","ping_status":"closed","template":"","meta":{"footnotes":""},"class_list":["post-381","page","type-page","status-publish","hentry"],"_links":{"self":[{"href":"https:\/\/cagnesvolley.com\/index.php\/wp-json\/wp\/v2\/pages\/381","targetHints":{"allow":["GET"]}}],"collection":[{"href":"https:\/\/cagnesvolley.com\/index.php\/wp-json\/wp\/v2\/pages"}],"about":[{"href":"https:\/\/cagnesvolley.com\/index.php\/wp-json\/wp\/v2\/types\/page"}],"author":[{"embeddable":true,"href":"https:\/\/cagnesvolley.com\/index.php\/wp-json\/wp\/v2\/users\/1"}],"replies":[{"embeddable":true,"href":"https:\/\/cagnesvolley.com\/index.php\/wp-json\/wp\/v2\/comments?post=381"}],"version-history":[{"count":5,"href":"https:\/\/cagnesvolley.com\/index.php\/wp-json\/wp\/v2\/pages\/381\/revisions"}],"predecessor-version":[{"id":396,"href":"https:\/\/cagnesvolley.com\/index.php\/wp-json\/wp\/v2\/pages\/381\/revisions\/396"}],"wp:attachment":[{"href":"https:\/\/cagnesvolley.com\/index.php\/wp-json\/wp\/v2\/media?parent=381"}],"curies":[{"name":"wp","href":"https:\/\/api.w.org\/{rel}","templated":true}]}}